2 - 3*a - 1. Let n(s) be the first derivative of j(s). Suppose 1 - 7 = -2*x. Calculate n(x).
-5
Let l(k) = 0*k - 3 + 1 + 3 - 2*k. What is l(7)?
-13
Let f(o) be the third derivative of o**6/120 + o**5/15 + o**4/8 + o**3/3 + 7*o**2. What is f(-3)?
2
Let l = -5 + 2. Let g = -2 - l. Let c(b) = 6*b**3 + 2*b**2 - b. Calculate c(g).
7
Let a(u) = -2*u - 1. Let t = 8 - 7. Suppose 0 = 5*z + 5*k + 45, 0 = 3*k + 13 - t. What is a(z)?
9
Let s(i) = -44*i + 22*i + 25*i. Give s(2).
6
Let b(s) be the first derivative of -1/3*s**3 - 1/4*s**4 + 4*s - 3 + 0*s**2. Determine b(0).
4
Let d(i) = -i**2 - 3*i - 1. Let o = 12 + -17. Give d(o).
-11
Let b = 50 - 49. Let a(x) = -7*x**2 + 2*x - 1. Give a(b).
-6
Let b(o) = o**2 + 5*o + 4. Suppose s - 4*r = 4, 4*s + 2*r - 2 = 14. Suppose -n + l - 6 = -2, 5*l = -n - s. Calculate b(n).
0
Let n(v) = -v**3 - 2*v**2 + 2*v - 1. Let y be n(-3). Let w(o) = 0*o**2 + o**2 - 2*o**y + 2*o**2 - o**3 + 2. Determine w(2).
-2
Let b(d) = -d**2 - 6*d - 2. Let p be b(-4). Let m(q) = -q**2 + 4*q + 14. Let w(o) = o**2 - 4*o - 13. Let n(i) = 5*m(i) + 6*w(i). Determine n(p).
4
Let g(m) be the second derivative of -5*m**4/12 - m**3/2 - m**2 + 5*m. What is g(-2)?
-16
Let j(k) = k**3 + 3*k**2 - 3*k - 3. Let u(g) = -2*g + 9. Let l be u(3). Suppose 2*w = -l - 3. Give j(w).
6
Let h(d) = -6*d + 1. Suppose 5 = -2*n + 3*z + 4, -n + z = 0. Determine h(n).
-5
Let w(v) be the first derivative of 3 + 2/3*v**3 + 0*v**2 + 0*v. Determine w(-1).
2
Let y(c) = -2*c**2 + 5*c - 5. Suppose 0 = r + 2, -d - 2 = -3*d - 3*r. Determine y(d).
-17
Let d be ((-2 + -1)/(-3))/((-1)/(-6)). Let l(n) = 3 - 6*n - 3 + n**2 + 5. Determine l(d).
5
Let v(q) be the second derivative of -q**5/60 + q**4/4 - q**3/6 + 2*q. Let w(j) be the second derivative of v(j). Give w(4).
-2
Let p(m) = m**2 - 3*m - 3. Suppose 2*i - 4*r = 3*i - 3, i + 5*r = 3. Determine p(i).
-3
Let r = -46 - -56. Let l(n) = n**3 - 11*n**2 + 11*n + 9. Determine l(r).
19
Let d(a) = a - 2. Let k(g) = g**2 - 6*g - 7. Let x be k(7). Let c be x/(-1 + (1 - 3)). Suppose -2*i - 2 = -3*n - 1, c = -3*i - 2*n - 8. Give d(i).
-4
Suppose -15 = 5*g, 2*p + 6 + 9 = -5*g. Let z(l) = l - 1. Let c(j) be the first derivative of j**3/3 + j**2 - 4*j + 2. Let f(s) = c(s) - 3*z(s). Give f(p).
-1
Let l(s) = 5*s + 0 + 1 + 1. Suppose 6*o = 4*o - 4. Determine l(o).
-8
Suppose 0 = 2*d + 2*y - 2, -2*d - 2*y - 14 = -4*d. Suppose -5 = -t + 2*z, -t + 3*z - 3 = -d. Let o = 8 - t. Let p(m) = m**2 + 8*m + 7. Give p(o).
-8
Let s(v) = -v**3 + v**2 + 2*v. Let d = -25 + 23. Determine s(d).
8
Let u(x) = -9*x - 2. Let m(l) = -26*l - 6. Let c(i) = -6*m(i) + 17*u(i). Let s(h) = -h**2 - 4*h + 1. Let j be s(-3). Suppose d - 1 = -j. What is c(d)?
-7
Let r(t) = -4*t - 2. Let z(i) = i + 1. Let u(v) = -3*r(v) - 10*z(v). Let h be u(4). Let k(s) = -2 - 2*s**3 + s + 3*s**3 - 4*s**2 - 2*s. Give k(h).
-6
Let m(l) = -11*l - 15. Let r(d) = 4*d + 10. Let v(g) = 4*g + 11. Let k(i) = 6*r(i) - 5*v(i). Let n(o) = 8*k(o) + 3*m(o). Let u be (-3)/2*4/2. Determine n(u).
-2
Let v(l) be the second derivative of -l**7/2520 - l**6/240 - l**5/24 + l**4/2 - 3*l. Let m(k) be the third derivative of v(k). Determine m(-4).
-9
Let q(y) = -2*y**2 + 3*y - 2. Let g be ((-12)/(-9))/((-2)/(-6)). What is q(g)?
-22
Let d(i) be the second derivative of i - 1/6*i**3 + i**2 + 0. Suppose -3*j + 3 = -9. Calculate d(j).
-2
Let a(f) = f**2 - 7*f + 5. Suppose -3*n + 9*n = 36. Give a(n).
-1
Suppose -7*r - 7 = 14. Let c(o) = 4 - o**2 - 2 - 7*o - 6. Give c(r).
8
Suppose w = 4*f - 18, 7 = -2*w + 5*f - 20. Let m(r) = r**3 + 7*r**2 + 7*r - 5. Determine m(w).
-11
Let c be (-10)/(4 - (2 - -4)). Let v(k) = 3*k**3 - 1. Let m be v(1). Let t(a) = -m + 4*a - a**2 + 2*a - 2. Give t(c).
1
Let f(z) = z**2 + 5 - 4 + 0. Let m = -29 - -28. What is f(m)?
2
Let s(q) = q**3 + 4*q**2 + 5. Suppose 0 = 2*g - 3*g - 4. Let z be s(g). Let c(j) = -j + 10. Determine c(z).
5
Let v(h) be the first derivative of -1/12*h**4 - 1 + 0*h**2 - 2/3*h**3 - 1/30*h**5 + 0*h. Let t(m) be the third derivative of v(m). Calculate t(2).
-10
Let r = -4 - -4. Let l(f) = 0*f + 1 + 0*f + f. Calculate l(r).
1
Let m(f) = -f + 11. Let d(y) = -5. Let i(a) = 7*d(a) + 3*m(a). Suppose 0 = t + 8. Let o be 4/t + (-5)/(-2). Calculate i(o).
-8
Let g(q) = -q**3 - 5*q**2 - 5*q + 3. Let y be g(-4). Suppose 3*t = y*b - 3*b - 8, -3*t + 4 = 2*b. Let n(z) = b + z**2 - 4*z + 4*z. Determine n(0).
2
Let x(b) = -b**2 - 10*b - 17. Let y be x(-7). Let k(t) = -4*t + 5. Determine k(y).
-11
Let p(z) be the third derivative of z**4/24 + 4*z**3/3 + 3*z**2. Give p(6).
14
Suppose 2*u - 2 = 8. Let n(r) be the third derivative of -r**5/60 + r**4/4 + 2*r**3/3 + 2*r**2. Determine n(u).
9
Let q(t) = -t**2 - 3*t + 4. Let g be 10/8*-2*-2. Suppose -2*l - g*r = 21, 0*r - 9 = -2*l + r. Suppose -3*b + l*i - 15 = 0, -3*b + i - 5 = -2*b. What is q(b)?
-6
Let u(k) = 3*k**2 + 0*k**2 + 4 + 0*k**2 + k**3. Let r be 2 + 3/((-9)/3). Let l = -2 - r. Calculate u(l).
4
Let l(t) = 4*t**2 + 3*t + 1. Let p(u) = -u**3 + 2*u**2 + 4*u - 1. Let i be p(3). Let b = -4 + i. What is l(b)?
11
Let y(m) = -2 + 0*m**2 - 21*m - 2*m**2 + 3*m**2 + 22*m. Calculate y(-3).
4
Let a(q) = q + 1. Let f(w) = w + 2. Let h(n) = -2*a(n) + f(n). What is h(8)?
-8
Let i = -3 + -3. Let x(g) be the third derivative of 0*g + 2/3*g**3 - 1/60*g**5 - 4*g**2 + 0 - 1/4*g**4. Calculate x(i).
4
Let x(h) = 2*h**3 - 3*h**2 - 1. Let d(w) = -w + 1 + 4 + w**3 - 6. Suppose -5*m + 4 = 2*k, -5*k + 0*m - 19 = -2*m. Let b(n) = k*d(n) + x(n). Calculate b(-3).
-7
Let m(r) be the third derivative of r**7/840 + r**6/45 + r**4/8 + r**3/2 - 6*r**2. Let v(z) be the first derivative of m(z). Give v(-8).
3
Let f(m) = m**2 + m + 2. Let r be ((-6)/(-4))/(9/(-24)). Determine f(r).
14
Let y(s) be the second derivative of s**5/20 - 5*s**4/12 - s**3 + s**2/2 - 5*s. What is y(6)?
1
Let x(q) be the third derivative of -q**4/24 - 5*q**3/3 + 28*q**2. Determine x(-5).
-5
Let q(s) = s**3 - 5*s**2 + s - 5. Suppose 0 = -7*w + 2 + 33. Determine q(w).
0
Let f(c) = c**2 - 2*c - 1. Let u = -59 - -63. What is f(u)?
7
Suppose 0 = 2*w + 12. Let y(d) be the second derivative of -d**3/6 + d**2 + 23*d. Give y(w).
8
Let j(a) = 16*a**3 + a**2 + a + 1. Let y = 92 + -93. What is j(y)?
-15
Let k(v) = -v + 3. Let i be k(5). Let x(r) be the first derivative of 2 + 0*r + 3/2*r**2. Determine x(i).
-6
Let t(w) = -w**2 + 2*w + 1. Let n(h) = 2*h**2. Let z be n(1). Give t(z).
1
Let g(u) = -u**3 + 2*u**2 + 3*u - 2. Suppose 0 = -5*z - 7*a + 2*a + 35, 4*z + 2*a = 18. What is g(z)?
4
Let k(q) be the first derivative of q**4/4 + 2*q**3 + 3*q**2 + q - 9. Let r be 6/(-8) - 34/8. Give k(r).
-4
Let a(h) = -2*h - 5*h**2 + 7*h**2 - 2*h**3 + 3*h**2 + 6 + h**3. Determine a(5).
-4
Let i(z) be the first derivative of z**5/120 - z**4/8 - z**3 + 4. Let b(j) be the third derivative of i(j). What is b(0)?
-3
Let h(v) = 2*v + 3. Let a = -23 + 21. Determine h(a).
-1
Suppose 3*l + 0*l = -6. Let b = 0 - 0. Let h(z) = b*z - 3 - 6*z + 3*z - 2*z**2. What is h(l)?
-5
Suppose -5*d = l - 5*l - 8, 3*l = -d - 25. Let t = 5 + l. Let v(n) = n. Let p(s) = -s. Let r(a) = 3*p(a) + 4*v(a). Give r(t).
-2
Let r = 9 + -7. Suppose -23 = -4*t + 3*i, r*t - i = -3*i - 6. Let o(y) be the first derivative of -y**4/2 + y**3/3 + y**2 + 4. What is o(t)?
-8
Let z(k) = 3*k + 1. Let l(t) be the third derivative of -t**4/24 - 3*t**2. Let r be l(2). Calculate z(r).
-5
Let v be 96/14 + 6/42. Let n(r) = r**3 - 6*r**2 - 6*r - 10. What is n(v)?
-3
Let p(f) = -13*f + 9. Let h(x) = 7*x - 5. Let u(j) = 11*h(j) + 6*p(j). Let b = -20 + 17. Let l be 12/4*2/b. Calculate u(l).
1
Let s(d) = -6*d**2 - 3*d + 4. Let l be s(1). Let j(f) = 2*f**2 + 6*f - 5. Calculate j(l).
15
Suppose -4*j - 2*u + 11 = 1, u = 5*j - 9. Let c(s) = s + 3*s**2 + j + 2*s**2 - 6*s**2. What is c(0)?
2
Let c(s) = s**2 + s. Let t be c(1). Let k(j) = -3*j + 2. Calculate k(t).
-4
Let i be (-116)/(-20) + 1/5. Suppose 2*m + w + 13 = i*w, 5*w = m + 19. Let v(q) = m + q - 2*q - 2. Determine v(3).
1
Let y(s) = -7*s + s**3 - 2*s**3 + 61 - 58 + 2*s + 4*s**2. Determine y(4).
-17
Let n be (3/9)/((6/27)/(-2)). Let h(s) = -3*s - s**2 + 2*s - 3 + 3*s**2 + s**3. Calculate h(n).
-9
Let x(d) be the second derivative of d**3/6 + d**2/2 + 3*d. Let f(a) = 5*a - 3 + 5*a + a**2 - 6*a. Let j be f(-4). What is x(j)?
-2
Suppose 